e of 155?
False
Does 3 divide 108?
True
Does 10 divide 396?
False
Is 2704 a multiple of 104?
True
Is 6138 a multiple of 33?
True
Is 286 a multiple of 13?
True
Is 444 a multiple of 37?
True
Does 18 divide 9180?
True
Does 13 divide 17069?
True
Is 142 a factor of 9656?
True
Is 4 a factor of 33?
False
Is 861 a multiple of 123?
True
Is 424 a factor of 6318?
False
Is 5985 a multiple of 63?
True
Is 247 a factor of 6669?
True
Does 18 divide 5418?
True
Is 12 a factor of 116?
False
Is 46 a factor of 2254?
True
Is 11442 a multiple of 7?
False
Does 21 divide 16993?
False
Is 17 a factor of 15868?
False
Is 5 a factor of 1070?
True
Is 2 a factor of 65?
False
Is 14 a factor of 19696?
False
Does 10 divide 1130?
True
Is 159 a factor of 26553?
True
Is 56 a factor of 1288?
True
Is 16261 a multiple of 114?
False
Is 21 a factor of 1546?
False
Is 25252 a multiple of 107?
True
Does 57 divide 499?
False
Does 2 divide 4607?
False
Is 121 a factor of 7502?
True
Is 636 a multiple of 13?
False
Is 13442 a multiple of 94?
True
Is 226 a multiple of 60?
False
Is 31 a factor of 1612?
True
Does 17 divide 19673?
False
Does 84 divide 5107?
False
Is 21 a factor of 1386?
True
Is 10536 a multiple of 30?
False
Does 7 divide 1422?
False
Does 35 divide 7425?
False
Does 6 divide 4380?
True
Is 25344 a multiple of 132?
True
Is 434 a multiple of 2?
True
Is 16093 a multiple of 185?
False
Is 36 a multiple of 9?
True
Does 48 divide 96?
True
Is 54 a factor of 918?
True
Is 1955 a multiple of 23?
True
Is 79 a factor of 6952?
True
Does 50 divide 7379?
False
Does 39 divide 15089?
False
Is 19 a factor of 855?
True
Is 15740 a multiple of 13?
False
Is 22 a factor of 37972?
True
Does 31 divide 85870?
True
Is 155 a multiple of 6?
False
Does 4 divide 329?
False
Is 8 a factor of 512?
True
Is 644 a multiple of 28?
True
Is 66 a factor of 35706?
True
Is 199 a multiple of 12?
False
Is 68030 a multiple of 68?
False
Is 11 a factor of 9238?
False
Does 2 divide 3492?
True
Does 13 divide 70?
False
Does 70 divide 15179?
False
Is 8 a factor of 2608?
True
Does 76 divide 8512?
True
Is 27 a factor of 453?
False
Does 56 divide 1099?
False
Is 1796 a multiple of 46?
False
Is 285 a multiple of 15?
True
Is 128974 a multiple of 40?
False
Does 31 divide 3142?
False
Is 15 a factor of 4680?
True
Does 10 divide 1159?
False
Is 11 a factor of 1141?
False
Does 145 divide 13195?
True
Is 63 a factor of 18049?
False
Is 274 even?
True
Does 14 divide 802?
False
Is 22 a factor of 3036?
True
Does 12 divide 4284?
True
Is 43 a factor of 8600?
True
Is 2929 a multiple of 52?
False
Does 9 divide 5207?
False
Is 4457 a multiple of 114?
False
Is 153 a multiple of 10?
False
Does 17 divide 268?
False
Does 10 divide 53000?
True
Is 56 a factor of 3135?
False
Is 31293 a multiple of 12?
False
Is 39754 a multiple of 18?
False
Does 77 divide 2387?
True
Does 3 divide 635?
False
Is 17880 a multiple of 20?
True
Is 33066 a multiple of 66?
True
Is 45 a factor of 7852?
False
Is 9271 a multiple of 20?
False
Is 324 a factor of 99998?
False
Does 7 divide 79863?
True
Is 6692 a multiple of 14?
True
Is 46839 a multiple of 106?
False
Is 15 a factor of 78?
False
Is 69977 a multiple of 12?
False
Is 46 a factor of 15860?
False
Does 48 divide 535?
False
Is 62 a multiple of 31?
True
Is 848 a multiple of 77?
False
Does 52 divide 60853?
False
Is 2 a factor of 990?
True
Is 8075 a multiple of 3?
False
Is 382 a multiple of 19?
False
Is 29 a factor of 2542?
False
Is 13 a factor of 3679?
True
Is 4669 a multiple of 29?
True
Does 13 divide 77227?
False
Is 5537 a multiple of 6?
False
Is 34 a factor of 238?
True
Does 12 divide 348?
True
Is 351 a multiple of 13?
True
Is 48 a multiple of 8?
True
Does 31 divide 2294?
True
Does 32 divide 529?
False
Is 12 a factor of 240?
True
Is 3290 a multiple of 10?
True
Does 16 divide 144?
True
Is 16 a factor of 10590?
False
Is 39 a factor of 600?
False
Is 1170 a multiple of 5?
True
Is 18 a factor of 54?
True
Does 2 divide 1895?
False
Is 122 a factor of 7442?
True
Does 21 divide 1485?
False
Is 148 a multiple of 3?
False
Is 116 a factor of 34104?
True
Is 340 a multiple of 4?
True
Does 12 divide 2160?
True
Is 39 a factor of 4199?
False
Does 14 divide 2332?
False
Does 280 divide 42280?
True
Does 26 divide 52494?
True
Is 5 a factor of 1979?
False
Is 13 a factor of 1190?
False
Is 2 a factor of 283?
False
Is 11528 a multiple of 35?
False
Is 43 a factor of 129?
True
Does 40 divide 40000?
True
Is 6736 a multiple of 16?
True
Does 5 divide 30?
True
Does 26 divide 473?
False
Is 185 a factor of 7955?
True
Does 14 divide 38472?
True
Does 10 divide 1362?
False
Is 2025 a multiple of 5?
True
Is 1651 a multiple of 124?
False
Is 22 a factor of 7215?
False
Does 38 divide 8022?
False
Is 15 a factor of 1935?
True
Does 19 divide 247?
True
Does 12 divide 115?
False
Is 6757 a multiple of 9?
False
Does 105 divide 3698?
False
Is 19 a factor of 247?
True
Is 15 a factor of 79857?
False
Does 78 divide 2964?
True
Is 9 a factor of 1363?
False
Is 13 a factor of 2236?
True
Is 6 a factor of 60?
True
Is 87 a factor of 2784?
True
Is 30 a factor of 5640?
True
Is 10 a factor of 1206?
False
Does 14 divide 1317?
False
Does 24 divide 360?
True
Is 156 a factor of 1974?
False
Is 1219 a multiple of 14?
False
Is 9015 a multiple of 120?
False
Is 50 a factor of 7850?
True
Does 15 divide 285?
True
Is 6 a factor of 293?
False
Is 36 a multiple of 2?
True
Is 342 a factor of 28728?
True
Is 71 a multiple of 71?
True
Does 12 divide 6396?
True
Does 131 divide 8777?
True
Does 9 divide 702?
True
Does 12 divide 13227?
False
Is 77289 a multiple of 43?
False
Is 4941 a multiple of 27?
True
Is 31 a factor of 136?
False
Is 11 a factor of 9405?
True
Is 4 a factor of 480?
True
Is 27 a factor of 814?
False
Is 70 a multiple of 4?
False
Is 256 a multiple of 6?
False
Does 6 divide 366?
True
Does 10 divide 8397?
False
Is 5792 a multiple of 16?
True
Is 10420 a multiple of 10?
True
Does 77 divide 385?
True
Is 29629 a multiple of 133?
False
Does 22 divide 19687?
False
Is 66 a factor of 13530?
True
Is 150 a multiple of 3?
True
Is 80 a factor of 1485?
False
Is 126 even?
True
Is 16060 a multiple of 55?
True
Is 11 a factor of 6094?
True
Does 16 divide 720?
True
Is 6372 a multiple of 8?
False
Does 92 divide 460?
True
Is 76 a factor of 23936?
False
Is 5620 a multiple of 20?
True
Does 26 divide 8944?
True
Is 11427 a multiple of 13?
True
Is 10152 a multiple of 72?
True
Is 6 a factor of 4962?
True
Is 123 a multiple of 47?
False
Does 81 divide 1232?
False
Does 7 divide 2086?
True
Does 12 divide 48?
True
Is 107477 a multiple of 20?
False
Is 52154 a multiple of 14?
False
Is 4 a factor of 556?
True
Is 18530 a multiple of 170?
True
Does 37 divide 3641?
False
Is 16 a factor of 42743?
False
Does 36 divide 2811?
False
Is 56806 a multiple of 152?
False
Is 8 a factor of 32692?
False
Is 73 a factor of 1288?
False
Is 4 a factor of 8?
True
Is 47035 a multiple of 23?
True
Does 8 divide 12?
False
Is 6 a factor of 320?
False
Is 3530 a multiple of 19?
False
Does 14 divide 69790?
True
Does 17 divide 57478?
False
Is 53 a factor of 901?
True
Is 375 a multiple of 25?
True
Does 15 divide 5595?
True
Is 29700 a multiple of 225?
True
Does 36 divide 524?
False
Is 50 a factor of 2622?
False
Is 29 a factor of 10742?
False
Is 77 a factor of 4639?
False
Is 96 a factor of 36727?
False
Does 25 divide 2275?
True
Is 7 a factor of 49?
True
Is 101 a factor of 1617?
False
Is 18 a factor of 864?
True
Is 4943 a multiple of 36?
False
Does 35 divide 245?
True
Does 38 divide 27284?
True
Is 6 a factor of 258?
True
Does 85 divide 40885?
True
Does 20 divide 1020?
True
Is 13820 a multiple of 196?
False
Does 24 divide 16008?
True
Is 7316 a multiple of 59?
True
Is 542 a multiple of 5?
False
Is 433 a multiple of 6?
False
Is 36 a factor of 7054?
False
Is 19 a factor of 82716?
False
Does 18 divide 24263?
False
Is 126 a factor of 34592?
False
Is 44000 a multiple of 55?
True
Is 54 a factor of 1119?
False
Does 82 divide 13120?
True
Does 10 divide 1470?
True
Is 14156 a multiple of 13?
False
Is 88 a factor of 30398?
False
Does 70 divide 41057?
False
Is 5 a factor of 6298?
False
Is 32 a factor of 3488?
True
Is 50 a multiple of 5?
True
Is 5 a factor of 95?
True
Does 26 divide 324?
False
Is 390 a multiple of 13?
True
Is 4 a factor of 1941?
False
Does 21 divide 927?
False
Is 8 a facto